{"id":72,"date":"2025-11-29T03:51:20","date_gmt":"2025-11-29T03:51:20","guid":{"rendered":"https:\/\/feldhaus-consulting.ch\/?page_id=72"},"modified":"2025-11-29T03:51:20","modified_gmt":"2025-11-29T03:51:20","slug":"impressum_de","status":"publish","type":"page","link":"https:\/\/feldhaus-consulting.ch\/?page_id=72","title":{"rendered":"Impressum_DE"},"content":{"rendered":"\n<h1 class=\"wp-block-heading\"><strong>Impressum<\/strong><\/h1>\n\n\n\n<p class=\"has-medium-font-size\">Feldhaus Consulting<br>Wolfsb\u00f6hlstrasse 5<br>9050 Appenzell<br>Schweiz<br>Tel: +41 77 222 0171<br>Mail: info@feldhaus-consulting.ch<br>Firmennummer CHE-144.497.586<\/p>\n\n\n\n<p class=\"has-medium-font-size\">Vertreten durch:<br>Herrn Michael Feldhaus, Gesch\u00e4ftsf\u00fchrer<\/p>\n\n\n\n<p class=\"has-medium-font-size\">Verantwortlich f\u00fcr den Inhalt gem\u00e4ss Art. 3 Abs. 1 lit. s UWG:<br>Michael Feldhaus<\/p>\n","protected":false},"excerpt":{"rendered":"<p>Impressum Feldhaus ConsultingWolfsb\u00f6hlstrasse 59050 AppenzellSchweizTel: +41 77 222 0171Mail: info@feldhaus-consulting.chFirmennummer CHE-144.497.586 Vertreten durch:Herrn Michael Feldhaus, Gesch\u00e4ftsf\u00fchrer Verantwortlich f\u00fcr den Inhalt gem\u00e4ss Art. 3 Abs. 1 lit. s UWG:Michael Feldhaus<\/p>\n","protected":false},"author":1,"featured_media":0,"parent":0,"menu_order":0,"comment_status":"closed","ping_status":"closed","template":"","meta":{"footnotes":""},"class_list":["post-72","page","type-page","status-publish","hentry"],"_links":{"self":[{"href":"https:\/\/feldhaus-consulting.ch\/index.php?rest_route=\/wp\/v2\/pages\/72","targetHints":{"allow":["GET"]}}],"collection":[{"href":"https:\/\/feldhaus-consulting.ch\/index.php?rest_route=\/wp\/v2\/pages"}],"about":[{"href":"https:\/\/feldhaus-consulting.ch\/index.php?rest_route=\/wp\/v2\/types\/page"}],"author":[{"embeddable":true,"href":"https:\/\/feldhaus-consulting.ch\/index.php?rest_route=\/wp\/v2\/users\/1"}],"replies":[{"embeddable":true,"href":"https:\/\/feldhaus-consulting.ch\/index.php?rest_route=%2Fwp%2Fv2%2Fcomments&post=72"}],"version-history":[{"count":6,"href":"https:\/\/feldhaus-consulting.ch\/index.php?rest_route=\/wp\/v2\/pages\/72\/revisions"}],"predecessor-version":[{"id":101,"href":"https:\/\/feldhaus-consulting.ch\/index.php?rest_route=\/wp\/v2\/pages\/72\/revisions\/101"}],"wp:attachment":[{"href":"https:\/\/feldhaus-consulting.ch\/index.php?rest_route=%2Fwp%2Fv2%2Fmedia&parent=72"}],"curies":[{"name":"wp","href":"https:\/\/api.w.org\/{rel}","templated":true}]}}